alculate the highest common factor of d and 24.
24
Let i be ((-5)/3 - 1)*(-87)/1. Suppose 0 = -2*o - x + 115, -107 = 3*o - 4*x - 285. Suppose 5*b - 87 = o. What is the highest common divisor of i and b?
29
Let w(f) = f + 14. Let m(u) = -u**2 + 1. Let k be m(1). Let z be w(k). What is the highest common factor of z and 2?
2
Suppose 4*s = 0, 2*q - 7*q + 4*s + 120 = 0. Calculate the greatest common divisor of q and 228.
12
Let k = -19 + 20. Let c(l) = 3*l**3 - 2*l + 1. Let f be c(k). Suppose -3*i = -f*j, -4*j + 40 = -0*i + 4*i. What is the greatest common divisor of j and 12?
6
Let y(q) = 2*q**2 + 18*q - 5. Let c be y(2). Calculate the highest common factor of 52 and c.
13
Let i(r) = -3*r + 64. Let l be i(18). Calculate the highest common factor of l and 370.
10
Let t = 3 + 2. Suppose 0 = 2*c - t*o + 4, -2*o - o = -3*c + 3. Let y be (8*c)/(24/16). What is the highest common factor of 4 and y?
4
Let x(k) = k - 5. Let v be x(8). Suppose v*t - 45 = -0*s + s, -2*t + 38 = 2*s. What is the highest common divisor of t and 64?
16
Let x = -320 + 357. Calculate the greatest common divisor of x and 1480.
37
Let q = 16 - -5. Let d = q + -12. Calculate the greatest common divisor of 81 and d.
9
Let b(n) = n + 1. Let j(q) = -q**3 + 8*q**2 - 6*q + 10. Let o(l) = -b(l) - j(l). Let s be o(8). What is the highest common factor of s and 29?
29
Suppose 0 = -3*p + 39 + 117. Let w be p - -8*(-4)/8. Let c be (-2)/12 + 392/w. Calculate the greatest common divisor of c and 20.
4
Let i be 4/3*9/6. Suppose i*s + 0*s = 3*b - 352, 5*b - 620 = -5*s. What is the highest common factor of 40 and b?
40
Let r = -9 - -21. Suppose -9*d + r*d = 648. Calculate the greatest common divisor of 27 and d.
27
Suppose 5*j - 42 = -y + 73, -j - 3*y + 37 = 0. Let d(s) = 6*s**2 + 6*s - 1. Let b be d(3). Let h = b + 17. Calculate the highest common divisor of h and j.
22
Suppose -4 = -4*s, -9*n - s = -5*n - 81. What is the highest common divisor of n and 80?
20
Let k(d) = -33*d + 22. Let p be k(-2). Calculate the highest common divisor of 12 and p.
4
Let k(f) = 44*f - 36. Let q be k(1). What is the greatest common divisor of 26 and q?
2
Suppose 5*b = -3*p + 82, 3*p - 4 - 8 = 0. Let v be (-13)/(-39) - 2930/(-30). What is the greatest common divisor of v and b?
14
Let i(k) = 2*k + 15. Let f(r) = 1. Let o(t) = 18*f(t) - 2*i(t). Let y be o(-7). Calculate the highest common divisor of 40 and y.
8
Suppose 11*u - 17 = 10*u. What is the greatest common divisor of 1054 and u?
17
Let l be 11*3 + 75/25. Calculate the greatest common divisor of l and 306.
18
Let b = -52 + 30. Let g = b + 27. Suppose 2*w = -3*w + 75. What is the greatest common divisor of g and w?
5
Suppose -5*m - 76 = -3*z, -m - 60 = 2*z - 4*z. What is the highest common divisor of z and 64?
32
Let w(h) = -5*h**3 + 5 - 5*h**2 - h + 4*h**3 + 3*h. Let k be w(-5). Let l = 11 - k. What is the highest common divisor of 112 and l?
16
Suppose -3*f + 2*u = -71, 5*u + 115 = 5*f - 0*f. Let d = -58 + 35. Let k = d + 33. What is the greatest common divisor of k and f?
5
Let k be 2 - 3 - (-86)/2. Let l be 4/22 - 924/(-242). Suppose 0 = -5*z - g + 27, 0 = -2*z - 2*g + l*g + 18. Calculate the greatest common divisor of k and z.
6
Let v = 4 + 3. Let x(p) = 139*p - 68*p - 72*p + 11. Let r be x(v). What is the greatest common factor of 44 and r?
4
Let v be -3 + (690/(-25))/(6/(-15)). Calculate the greatest common divisor of v and 18.
6
Let n be 4/14 + 28/245*155. Suppose -3*l = -1 - 377. Calculate the greatest common factor of n and l.
18
Suppose t - 2 - 8 = 0. Suppose -37*z = -38*z. Suppose z = 5*b + 5*i + 5, -b + i = 2*b - 9. What is the highest common divisor of b and t?
2
Let v be ((-2 - -1) + -3)*255/(-30). Calculate the highest common factor of v and 255.
17
Suppose -474*o = -484*o + 1400. What is the greatest common factor of o and 28?
28
Let f(n) = -n**3 + 20*n**2 + 45*n - 15. Let p be f(22). Calculate the greatest common divisor of p and 8.
1
Suppose 14*c - 420 = 4*c. Calculate the greatest common divisor of 714 and c.
42
Suppose 0 = -41*v + 35*v. Suppose 5*m - 5*l - 75 = 0, -4*m + 2*l = -v*m - 58. What is the highest common factor of m and 4?
2
Suppose 7*n - 105 = 378. Suppose n*y - 71*y = -12. What is the greatest common factor of y and 12?
6
Let f = -17 - 13. Let n be 3*2*(-25)/f. Suppose k - 3*x = 6*k - 6, -5*k = n*x. What is the greatest common factor of k and 3?
3
Let k(g) = 5*g + 4. Let o be k(5). Suppose 8 = 4*c, 4*c + 30 = 4*f - 78. What is the highest common divisor of o and f?
29
Let j = -732 - -765. Calculate the highest common factor of 528 and j.
33
Suppose 4*j - 233 = 243. Calculate the greatest common divisor of 17 and j.
17
Let r(o) = 4*o**2 + 11*o - 29. Let j be r(-7). What is the greatest common divisor of j and 72?
18
Let v(m) = -m**3 - 6*m**2 + 3*m - 16. Let p be v(-7). Suppose 5*a - 4 = d + 5, -3*d + p = -2*a. What is the highest common divisor of d and 3?
3
Suppose u = -3*x - 2, u + 2*x - 7 = -4. What is the greatest common divisor of 247 and u?
13
Suppose 0 = 2*n - j + 5 - 4, 3*n + 3*j - 21 = 0. Let z = 63 - 29. Suppose 5*a - s = 2*a + 55, z = 2*a + 2*s. What is the greatest common factor of n and a?
2
Let a(r) = -r**3 - r**2 - 2*r - 1. Let x be a(-1). Suppose w = x + 1. Suppose 0 = -w*b - 2 + 4. What is the highest common factor of b and 1?
1
Let l be (14/(-4))/((-9)/18). What is the greatest common divisor of 623 and l?
7
Let r(y) = -y**2 - 38*y + 48. Let f be r(-38). Let b = 24 - 8. Calculate the highest common factor of f and b.
16
Let s = -556 + 888. Calculate the highest common factor of s and 8.
4
Let a be 4*2*1/4. Let d = -133 + 141. Suppose 4*y - 5*v = 44, -d = -y - 0*v + 2*v. Calculate the greatest common divisor of a and y.
2
Suppose -25503 - 7205 = -26*w. What is the highest common factor of 148 and w?
74
Let n be -6*(110/(-6))/(-5). Let k = n - -35. What is the highest common divisor of 143 and k?
13
Let m be -4*4/72 + 2530/45. What is the highest common divisor of 224 and m?
56
Let u be (-1 + -3 - -413) + -4. Suppose 5*g - u = 2*g. Let l(w) = -w**3 - 5*w**2 + 11*w - 6. Let v be l(-7). Calculate the highest common divisor of v and g.
15
Suppose -4*f + 154 = 2*g, -397 = -5*g + f + 43. What is the greatest common factor of 319 and g?
29
Let t = -88 - -91. Let f be 1/4 - t/((-36)/177). What is the highest common divisor of f and 105?
15
Suppose b - a - 1270 = 0, -b = 2*a - 868 - 411. Calculate the greatest common divisor of b and 134.
67
Let j be (-4)/(-22) - 80/(-44). Suppose j*t = -0*t - 22. Let s be (t - -1)*6/(-4). Calculate the highest common factor of s and 3.
3
Let n be (-5*5)/(3 + 10/(-4)). Let p = n + 70. What is the highest common divisor of 160 and p?
20
Suppose -6*h + 41*h - 105 = 0. Calculate the highest common factor of h and 3.
3
Let a = -584 + 624. Calculate the highest common divisor of 100 and a.
20
Suppose 3*k + 7 - 55 = 0. Suppose -2*s = -6*s + k. Let x = 0 + s. What is the greatest common factor of x and 6?
2
Suppose 0 = -13*x + 18*x - 2*o - 3850, -3*x + 2299 = o. What is the greatest common factor of x and 48?
48
Suppose 11*y + 122 + 32 = 0. Let r = -56 - -105. Let u = r + y. What is the greatest common divisor of 7 and u?
7
Let y = 49 - 25. Suppose -300 = -30*k + 2580. Calculate the greatest common divisor of y and k.
24
Let r = 671 - 595. Let x be ((-54)/8 + 2)*-4. Calculate the greatest common divisor of x and r.
19
Let n(m) = -m**3 + 19*m**2 + 3. Let k be n(19). Suppose -2 = 5*x - 7, 2*g + k*x - 15 = 0. Calculate the highest common divisor of 24 and g.
6
Suppose 2*u = -u + 1656. Suppose -4*a - 443 = p, 2*a + 3*a + u = -3*p. Let w be a/(-6) - 3/6. What is the highest common factor of w and 18?
18
Let w(g) = -g**2 + 14*g - 24. Let i be w(6). What is the greatest common factor of i and 312?
24
Suppose 43*l = 42*l + d + 192, -l + 5*d + 176 = 0. What is the highest common divisor of l and 441?
49
Let n be 208/(-2392) + (-1)/((-23)/71). What is the highest common divisor of 138 and n?
3
Let p be 42/(-6) - (-20 + -2). Calculate the highest common divisor of 105 and p.
15
Suppose 4*s + 6 = -3*x - 97, -24 = s - x. Let d = s + 23. Let g be (-2 + d + 9)*26. What is the greatest common factor of 13 and g?
13
Suppose -2*i + 88 = -2*v - 2*v, 2*i - v - 79 = 0. Suppose -4*k + 175 = 3*r, -4*r - 4*k + 10